{"id":2740,"date":"2025-02-04T15:27:02","date_gmt":"2025-02-04T15:27:02","guid":{"rendered":"https:\/\/bibocaitabuna.com.br\/defrirum_cachos_dux_anuar\/?post_type=product&#038;p=2740"},"modified":"2025-02-05T00:01:31","modified_gmt":"2025-02-05T00:01:31","slug":"defrirum-cachos-dux-anuar","status":"publish","type":"product","link":"https:\/\/bibocaitabuna.com.br\/defrirum_cachos_dux_anuar\/produto\/defrirum-cachos-dux-anuar\/","title":{"rendered":"DEFRIRUM + CACHOS DUX ANUAR"},"content":{"rendered":"\t\t<div data-elementor-type=\"product-post\" data-elementor-id=\"2740\" class=\"elementor elementor-2740\" data-elementor-post-type=\"product\">\n\t\t\t\t<div class=\"elementor-element elementor-element-35473baa e-flex e-con-boxed e-con e-parent\" data-id=\"35473baa\" data-element_type=\"container\">\n\t\t\t\t\t<div class=\"e-con-inner\">\n\t\t\t\t<div class=\"elementor-element elementor-element-7018523f elementor-widget elementor-widget-text-editor\" data-id=\"7018523f\" data-element_type=\"widget\" data-widget_type=\"text-editor.default\">\n\t\t\t\t<div class=\"elementor-widget-container\">\n\t\t\t\t\t\t\t\t\t<blockquote><h5>Finalizador sem enx\u00e1gue que nutre os cabelos profundamente enquanto auxilia na defini\u00e7\u00e3o e modelagem dos cachos. Umidifica os fios e deixando-os mais disciplinados e saud\u00e1veis. Forma uma pel\u00edcula de prote\u00e7\u00e3o sobre os cabelos que ajuda na redu\u00e7\u00e3o do frizz.<\/h5><\/blockquote><h3>\u00a0<\/h3><h3><strong>Benef\u00edcios incr\u00edveis:\u00a0<\/strong><\/h3><p>Defini\u00e7\u00e3o perfeita: Ativador de cachos que real\u00e7a a beleza natural dos seus fios.<br \/>Hidrata\u00e7\u00e3o intensa: Mant\u00e9m seus cachos macios e nutridos o dia todo.<br \/>Controle do frizz: Diga adeus aos fios rebeldes e desfrute de cachos impec\u00e1veis.<br \/>F\u00e1cil de usar: Sem enx\u00e1gue, ideal para a correria do dia a dia.<br \/>Fragr\u00e2ncia suave: Deixe seus cabelos com um aroma delicioso e duradouro.<br \/>Experimente a linha DUX e sinta a diferen\u00e7a! Seus cachos merecem o melhor cuidado.<\/p><p>Livre de crueldade<br \/>Este produto \u00e9 feito sem machucar nenhum animal.<\/p>\t\t\t\t\t\t\t\t<\/div>\n\t\t\t\t<\/div>\n\t\t\t\t\t<\/div>\n\t\t\t\t<\/div>\n\t\t\t\t<\/div>\n\t\t","protected":false},"excerpt":{"rendered":"<p><strong>O segredo para cachos perfeitos a um pre\u00e7o incr\u00edvel!<\/strong><\/p>\n<p>Descubra o segredo para cachos definidos, hidratados e livres de frizz com <strong>Defrirum + Cacho DUX da Anuar Cosm\u00e9ticos<\/strong>. F\u00f3rmula exclusiva \u00e9 dermatologicamente testada e livre de sulfatos, garantindo um cuidado suave e eficaz para seus cabelos cacheados, afro e ondulados.<\/p>\n","protected":false},"featured_media":2764,"comment_status":"open","ping_status":"closed","template":"","meta":{"_kadence_starter_templates_imported_post":false,"_kad_post_transparent":"default","_kad_post_title":"","_kad_post_layout":"default","_kad_post_sidebar_id":"","_kad_post_content_style":"default","_kad_post_vertical_padding":"default","_kad_post_feature":"","_kad_post_feature_position":"","_kad_post_header":false,"_kad_post_footer":false,"_kad_post_classname":"","_joinchat":[]},"product_brand":[105],"product_cat":[107],"product_tag":[],"class_list":{"0":"post-2740","1":"product","2":"type-product","3":"status-publish","4":"has-post-thumbnail","6":"product_brand-anuar","7":"product_cat-promocoes","9":"first","10":"instock","11":"sale","12":"shipping-taxable","13":"purchasable","14":"product-type-variable","15":"entry","16":"content-bg","17":"loop-entry"},"_links":{"self":[{"href":"https:\/\/bibocaitabuna.com.br\/defrirum_cachos_dux_anuar\/wp-json\/wp\/v2\/product\/2740","targetHints":{"allow":["GET"]}}],"collection":[{"href":"https:\/\/bibocaitabuna.com.br\/defrirum_cachos_dux_anuar\/wp-json\/wp\/v2\/product"}],"about":[{"href":"https:\/\/bibocaitabuna.com.br\/defrirum_cachos_dux_anuar\/wp-json\/wp\/v2\/types\/product"}],"replies":[{"embeddable":true,"href":"https:\/\/bibocaitabuna.com.br\/defrirum_cachos_dux_anuar\/wp-json\/wp\/v2\/comments?post=2740"}],"version-history":[{"count":9,"href":"https:\/\/bibocaitabuna.com.br\/defrirum_cachos_dux_anuar\/wp-json\/wp\/v2\/product\/2740\/revisions"}],"predecessor-version":[{"id":2815,"href":"https:\/\/bibocaitabuna.com.br\/defrirum_cachos_dux_anuar\/wp-json\/wp\/v2\/product\/2740\/revisions\/2815"}],"wp:featuredmedia":[{"embeddable":true,"href":"https:\/\/bibocaitabuna.com.br\/defrirum_cachos_dux_anuar\/wp-json\/wp\/v2\/media\/2764"}],"wp:attachment":[{"href":"https:\/\/bibocaitabuna.com.br\/defrirum_cachos_dux_anuar\/wp-json\/wp\/v2\/media?parent=2740"}],"wp:term":[{"taxonomy":"product_brand","embeddable":true,"href":"https:\/\/bibocaitabuna.com.br\/defrirum_cachos_dux_anuar\/wp-json\/wp\/v2\/product_brand?post=2740"},{"taxonomy":"product_cat","embeddable":true,"href":"https:\/\/bibocaitabuna.com.br\/defrirum_cachos_dux_anuar\/wp-json\/wp\/v2\/product_cat?post=2740"},{"taxonomy":"product_tag","embeddable":true,"href":"https:\/\/bibocaitabuna.com.br\/defrirum_cachos_dux_anuar\/wp-json\/wp\/v2\/product_tag?post=2740"}],"curies":[{"name":"wp","href":"https:\/\/api.w.org\/{rel}","templated":true}]}}